ase 16.
-7c5
What is 2011220200022 (base 3) in base 13?
317a74
-a968de (base 15) to base 16
-7b29d2
What is -1130cd (base 14) in base 5?
-122202103
-4a226 (base 11) to base 15
-16599
213876 (base 9) to base 15
27be3
What is -1225aa (base 11) in base 7?
-1434532
What is -cfd425 (base 16) in base 8?
-63752045
Convert 100531040 (base 7) to base 8.
26256232
4d34c (base 16) to base 14
83364
What is 12495b2 (base 12) in base 9?
6660848
What is 204425 (base 9) in base 13?
43316
Convert -ba066a (base 16) to base 9.
-24841331
30562517 (base 8) to base 10
6481231
2178f (base 16) to base 4
201132033
-101111001000011001 (base 2) to base 14
-504d3
What is -22424 (base 5) in base 2?
-11001001110
Convert 4a77b (base 16) to base 15.
60599
-7644623 (base 8) to base 11
-1180597
-3083560 (base 10) to base 16
-2f0d28
633744 (base 8) to base 14
56c16
Convert 564124 (base 7) to base 10.
99880
What is -43495 (base 15) in base 11?
-136591
What is -12417a (base 15) in base 12?
-362081
Convert 3312994 (base 10) to base 12.
11392aa
Convert -13c6c4 (base 14) to base 10.
-687348
Convert -22320443 (base 6) to base 15.
-d6400
Convert -1001000111000111110001 (base 2) to base 5.
-1102412330
10111101010111001000011 (base 2) to base 7
103512236
Convert 10121012202001 (base 3) to base 15.
27be27
2112021 (base 8) to base 12
231415
What is -1432998 (base 10) in base 13?
-3b2338
What is -322300011 (base 5) in base 2?
-101001110001010110100
What is 3650155 (base 7) in base 10?
465883
Convert 2211212121 (base 3) to base 13.
1c67b
Convert 2083565 (base 9) to base 15.
1713eb
Convert -1032312133 (base 4) to base 15.
-65a6a
What is 411640 (base 7) in base 15?
15c64
Convert 5477d (base 14) to base 3.
101101120112
What is 1516a5 (base 11) in base 3?
110000022121
What is -10122100010 (base 3) in base 9?
-118303
-5550150 (base 6) to base 9
-464273
What is -1372551 (base 8) in base 4?
-1133111221
What is -1434304015 (base 6) in base 8?
-104051013
What is -466111 (base 7) in base 4?
-110130211
Convert 11010011000100010101110 (base 2) to base 8.
32304256
2543511 (base 6) to base 2
100001101111100011
What is 84117 (base 9) in base 10?
55501
-848515 (base 9) to base 15
-9e8e2
What is 22011301301 (base 4) in base 3?
11222101101212
Convert 4315153 (base 6) to base 8.
636655
-5160a (base 16) to base 10
-333322
What is 2201202000 (base 3) in base 8?
150775
What is 120112001122011 (base 3) in base 6?
452442521
Convert 117411 (base 8) to base 4.
21330021
26192 (base 15) to base 6
2340102
Convert -300031302 (base 4) to base 5.
-22304430
Convert -48206 (base 11) to base 16.
-10f54
Convert 646ee5 (base 16) to base 6.
353024101
What is 2340451 (base 11) in base 3?
21200120002100
Convert 34a572 (base 15) to base 6.
125530155
What is -10020100100200 (base 3) in base 5?
-420003433
What is 433815 (base 10) in base 2?
1101001111010010111
-1667ce5 (base 15) to base 7
-255232202
dea06 (base 15) to base 3
1022221200120
-a55b87 (base 13) to base 7
-44611660
What is -8ca2b (base 15) in base 13?
-128a86
What is -1111110110011011100110 (base 2) in base 8?
-17663346
Convert 31140420 (base 5) to base 4.
332123313
Convert 1002001001303 (base 4) to base 3.
1012120012222102
What is -200041400 (base 5) in base 13?
-215aba
Convert -4a98c (base 15) to base 5.
-30112112
Convert 56a2 (base 12) to base 13.
44c6
What is -122541 (base 7) in base 13?
-a371
-7332442 (base 8) to base 9
-3586587
17274053 (base 8) to base 15
54893e
What is 221010010120 (base 3) in base 4?
1320230112
Convert -1214101 (base 5) to base 13.
-a633
What is -1100101011101000100 (base 2) in base 9?
-703028
-870db (base 16) to base 7
-4462524
Convert 247736 (base 8) to base 4.
110333132
What is 1ddce (base 15) in base 14?
2780b
Convert -e48be3 (base 15) to base 11.
-614a953
What is 4731434 (base 11) in base 10?
8259376
-d30a3 (base 15) to base 5
-132342103
Convert c6188 (base 13) to base 6.
11345015
-3333123 (base 12) to base 6
-545240443
Convert -140113441 (base 5) to base 3.
-1022221022221
What is 879090 (base 11) in base 10?
1402973
-31439 (base 15) to base 2
-100110001000101100
What is 353066 (base 8) in base 14?
31c22
What is 1203142023 (base 5) in base 11?
1634022
31120130 (base 5) to base 6
5241503
-1589c6 (base 13) to base 5
-114031412
1200021212121 (base 3) to base 8
3315123
What is -30204411 (base 5) in base 15?
-4b721
What is -31414524 (base 6) in base 10?
-919924
1390885 (base 11) to base 12
971820
20010221110022 (base 3) to base 4
30131123030
-1c43a7b (base 14) to base 16
-d7df3d
What is 1446501 (base 7) in base 3?
100222221100
2a614b (base 14) to base 13
3c90b8
Convert -176886 (base 12) to base 7.
-3306345
Convert -201204 (base 16) to base 15.
-2b7b29
What is 111100111001010110001 (base 2) in base 12?
802929
What is 26a52 (base 11) in base 12?
1a373
Convert 134441 (base 8) to base 2.
1011100100100001
What is 17123137 (base 9) in base 6?
503502441
Convert 2238aa (base 11) to base 12.
152355
-1379224 (base 10) to base 13
-393a12
Convert 110111010101110100101101 (base 2) to base 4.
313111310231
403c3 (base 15) to base 4
301221132
Convert 4401103 (base 6) to base 2.
110101001101111111
Convert 320406 (base 9) to base 15.
3b719
-11001101010011110001100 (base 2) to base 3
-110122210111001
Convert -407307 (base 10) to base 4.
-1203130023
-20b151 (base 12) to base 11
-323379
14447755 (base 8) to base 10
3297261
-6034632 (base 10) to base 12
-2030320
What is 22785a6 (base 14) in base 2?
111110101010011011010110
a25 (base 16) to base 15
b82
What is 63632 (base 8) in base 5?
1322042
1110100010100001101111 (base 2) to base 11
2173655
-22413144 (base 5) to base 8
-610531
What is -506416 (base 7) in base 11?
-59927
-241213203 (base 5) to base 7
-12330423
What is -112223323 (base 4) in base 15?
-1c7ed
Convert -210022121101 (base 3) to base 10.
-419617
15c131 (base 13) to base 4
2003333333
Convert -4402e3 (base 15) to base 14.
-604ddd
Convert 3037c (base 16) to base 3.
101000220211
What is 23230132231 (base 4) in base 2?
1011101100011110101101
-4454447 (base 10) to base 4
-100333200233
Convert 101010100000000101101 (base 2) to base 13.
399b98
What is 5348218 (base 11) in base 3?
122201002200111
Convert -10111011100101001011000 (base 2) to base 14.
-b60064
Convert -2e6287 (base 16) to base 6.
-145053303
Convert -845156 (base 13) to base 3.
-12211021122202
Convert 66abca (base 13) to base 10.
2423119
What is -11001000110101101000 (base 2) in base 11?
-512068
Convert -12146a (base 11) to base 9.
-322612
Convert 25332 (base 11) to base 5.
2130320
Convert -37765 (base 16) to base 2.
-110111011101100101
-1000001110010110010 (base 2) to base 7
-2201454
Convert 78812 (base 13) to base 10.
218870
Convert -1400961 (base 11) to base 6.
-123445241
22022001110 (base 3) to base 7
1250124
-705573 (base 8) to base 7
-1655206
What is -11010001001110000001 (base 2) in base 5?
-204410321
Convert -725844 (base 10) to base 6.
-23320220
What is -1001100101101100101111001 (base 2) in base 14?
-2956865
1121220121 (base 3) to base 6
404111
What is 100aa98 (base 11) in base 12?
721810
Convert 20210303 (base 5) to base 15.
33553
Convert 105166 (base 9) to base 4.
33111303
What is 21018378 (base 9) in base 16?
9a4486
-801374 (base 11) to base 7
-13652316
Convert 4508428 (base 9) to base 3.
11120022110222
What is 38ac3 (base 13) in base 5?
11330413
What is 23a64 (base 13) in base 15?
1460a
Convert 34231300 (base 5) to base 2.
1001010100000110000
-1224440 (base 6) to base 2
-10000000100101000
Convert 656403 (base 7) to base 15.
24189
Convert -42550a3 (base 11) to base 4.
-130210030333
What is 62abb (base 14) in base 5?
30104414
320210 (base 6) to base 16
658e
What is 496569 (base 10) in base 12?
1bb449
What is -1256254 (base 7) in base 6?
-3314011
What is 535591 (base 13) in base 11?
1115161
What is 212301 (base 6) in base 2?
100001111101101
-1a405 (base 13) to base 8
-144014
What is 1013003300330 (base 4) in base 3?
1022001101022202
-11111111001110001101 (base 2) to base 8
-3771615
Convert -d8a55 (base 14) to base 7.
-4306635
What is 44ca7 (base 13) in base 3?
20100201221
-234845 (base 10) to base 3
-102221010222
What is -2502272 (base 8) in base 13?
-1b19c0
What is -321415220 (base 6) in base 2?
-10101101010011101011100
702307 (base 10) to base 3
1022200101101
Convert 6c7cb0 (base 14) t